{"id":3291,"date":"2016-08-17T06:57:35","date_gmt":"2016-08-17T06:57:35","guid":{"rendered":"https:\/\/regateslarochejaune.org\/?page_id=3291"},"modified":"2025-08-05T08:02:04","modified_gmt":"2025-08-05T07:02:04","slug":"resultats-edition-2016","status":"publish","type":"page","link":"https:\/\/regateslarochejaune.org\/?page_id=3291","title":{"rendered":"Les r\u00e9sultats \u00e9dition 2025"},"content":{"rendered":"<ul>\n<li><strong><u>R\u00e9sultat natation enfants 8 \u00e0 12 ans<\/u><\/strong><\/li>\n<\/ul>\n<p><strong><u>Gar\u00e7ons<\/u><\/strong>&nbsp;:<\/p>\n<ol>\n<li>Formajch\u00e9 Robin<\/li>\n<li>Le Coadou Jules<\/li>\n<li>Robin Sacha<\/li>\n<\/ol>\n<p><strong><u>Filles<\/u><\/strong>&nbsp;:<\/p>\n<ol>\n<li>Picard pauline<\/li>\n<li>Vialo Orn\u00e9la<\/li>\n<li>Robin Lila<\/li>\n<\/ol>\n<ul>\n<li><strong><u>R\u00e9sultat natation 13 \u00e0 16 ans<\/u><\/strong><\/li>\n<\/ul>\n<p><strong><u>Gar\u00e7ons&nbsp;:<\/u><\/strong><\/p>\n<ol>\n<li>Le Clanche \u00c9mile<\/li>\n<li>Savidan L\u00e9andre<\/li>\n<li>Le Clanche Robin<\/li>\n<li>Damany Valentin<\/li>\n<li>Noguer Jules<\/li>\n<\/ol>\n<ul>\n<li><strong><u>R\u00e9sultat natation + 18 ans mixte<\/u><\/strong><\/li>\n<\/ul>\n<p><strong><u>Gar\u00e7ons&nbsp;:<\/u><\/strong><\/p>\n<ol>\n<li>Briand Anthony<\/li>\n<li>Virelizier Baptiste<\/li>\n<li>la team&nbsp;: <u>les gros marchands<\/u><\/li>\n<\/ol>\n<p><strong><u>Filles&nbsp;:<\/u><\/strong><\/p>\n<ol>\n<li>Simon Emilie<\/li>\n<li>Viala Perrine<\/li>\n<li>Viala Pierrette<\/li>\n<\/ol>\n<ul>\n<li><strong><u>R\u00e9sultat de la godille homme<\/u><\/strong><\/li>\n<\/ul>\n<ol>\n<li>Mah\u00e9 C\u00e9dric<\/li>\n<li>Prigent Guy<\/li>\n<li>Le parc David<\/li>\n<li>Coadou G\u00e9rard<\/li>\n<\/ol>\n<ul>\n<li><strong><u>Homards&nbsp;:<\/u><\/strong><\/li>\n<li>Ducrocq Ana\u00efs n\u00b0 10<\/li>\n<li>Pichouron Yolande<\/li>\n<li>Piriou Marie N\u00b0 158<\/li>\n<li>Guillois Patrick n\u00b082<\/li>\n<\/ul>\n<ul>\n<li><strong><u>Annexe&nbsp;:<\/u><\/strong><\/li>\n<\/ul>\n<p>BARDOT Laurent N\u00b0 130<\/p>\n","protected":false},"excerpt":{"rendered":"<p>R\u00e9sultat natation enfants 8 \u00e0 12 ans Gar\u00e7ons&nbsp;: Formajch\u00e9 Robin Le Coadou Jules Robin Sacha Filles&nbsp;: Picard pauline Vialo Orn\u00e9la Robin Lila R\u00e9sultat natation 13 \u00e0 16 ans Gar\u00e7ons&nbsp;: Le Clanche \u00c9mile Savidan L\u00e9andre Le Clanche Robin Damany Valentin Noguer Jules R\u00e9sultat natation + 18 ans mixte Gar\u00e7ons&nbsp;: Briand Anthony Virelizier Baptiste la team&nbsp;: les &hellip; <a href=\"https:\/\/regateslarochejaune.org\/?page_id=3291\" class=\"more-link\">Continuer la lecture de <span class=\"screen-reader-text\">Les r\u00e9sultats \u00e9dition 2025<\/span>  <span class=\"meta-nav\">&rarr;<\/span><\/a><\/p>\n","protected":false},"author":1,"featured_media":0,"parent":0,"menu_order":0,"comment_status":"closed","ping_status":"closed","template":"","meta":{"ngg_post_thumbnail":0,"jetpack_post_was_ever_published":false,"footnotes":""},"class_list":["post-3291","page","type-page","status-publish","hentry"],"jetpack_sharing_enabled":true,"jetpack_shortlink":"https:\/\/wp.me\/P7hZRC-R5","jetpack-related-posts":[],"jetpack_likes_enabled":true,"_links":{"self":[{"href":"https:\/\/regateslarochejaune.org\/index.php?rest_route=\/wp\/v2\/pages\/3291","targetHints":{"allow":["GET"]}}],"collection":[{"href":"https:\/\/regateslarochejaune.org\/index.php?rest_route=\/wp\/v2\/pages"}],"about":[{"href":"https:\/\/regateslarochejaune.org\/index.php?rest_route=\/wp\/v2\/types\/page"}],"author":[{"embeddable":true,"href":"https:\/\/regateslarochejaune.org\/index.php?rest_route=\/wp\/v2\/users\/1"}],"replies":[{"embeddable":true,"href":"https:\/\/regateslarochejaune.org\/index.php?rest_route=%2Fwp%2Fv2%2Fcomments&post=3291"}],"version-history":[{"count":4,"href":"https:\/\/regateslarochejaune.org\/index.php?rest_route=\/wp\/v2\/pages\/3291\/revisions"}],"predecessor-version":[{"id":5087,"href":"https:\/\/regateslarochejaune.org\/index.php?rest_route=\/wp\/v2\/pages\/3291\/revisions\/5087"}],"wp:attachment":[{"href":"https:\/\/regateslarochejaune.org\/index.php?rest_route=%2Fwp%2Fv2%2Fmedia&parent=3291"}],"curies":[{"name":"wp","href":"https:\/\/api.w.org\/{rel}","templated":true}]}}

Les résultats édition 2025

<ul>
<li><strong><u>Résultat natation enfants 8 à 12 ans</u></strong></li>
</ul>
<p><strong><u>Garçons</u></strong>&nbsp;:</p>
<ol>
<li>Formajché Robin</li>
<li>Le Coadou Jules</li>
<li>Robin Sacha</li>
</ol>
<p><strong><u>Filles</u></strong>&nbsp;:</p>
<ol>
<li>Picard pauline</li>
<li>Vialo Ornéla</li>
<li>Robin Lila</li>
</ol>
<ul>
<li><strong><u>Résultat natation 13 à 16 ans</u></strong></li>
</ul>
<p><strong><u>Garçons&nbsp;:</u></strong></p>
<ol>
<li>Le Clanche Émile</li>
<li>Savidan Léandre</li>
<li>Le Clanche Robin</li>
<li>Damany Valentin</li>
<li>Noguer Jules</li>
</ol>
<ul>
<li><strong><u>Résultat natation + 18 ans mixte</u></strong></li>
</ul>
<p><strong><u>Garçons&nbsp;:</u></strong></p>
<ol>
<li>Briand Anthony</li>
<li>Virelizier Baptiste</li>
<li>la team&nbsp;: <u>les gros marchands</u></li>
</ol>
<p><strong><u>Filles&nbsp;:</u></strong></p>
<ol>
<li>Simon Emilie</li>
<li>Viala Perrine</li>
<li>Viala Pierrette</li>
</ol>
<ul>
<li><strong><u>Résultat de la godille homme</u></strong></li>
</ul>
<ol>
<li>Mahé Cédric</li>
<li>Prigent Guy</li>
<li>Le parc David</li>
<li>Coadou Gérard</li>
</ol>
<ul>
<li><strong><u>Homards&nbsp;:</u></strong></li>
<li>Ducrocq Anaïs n° 10</li>
<li>Pichouron Yolande</li>
<li>Piriou Marie N° 158</li>
<li>Guillois Patrick n°82</li>
</ul>
<ul>
<li><strong><u>Annexe&nbsp;:</u></strong></li>
</ul>
<p>BARDOT Laurent N° 130</p>

<p>Résultat natation enfants 8 à 12 ans Garçons&nbsp;: Formajché Robin Le Coadou Jules Robin Sacha Filles&nbsp;: Picard pauline Vialo Ornéla Robin Lila Résultat natation 13 à 16 ans Garçons&nbsp;: Le Clanche Émile Savidan Léandre Le Clanche Robin Damany Valentin Noguer Jules Résultat natation + 18 ans mixte Garçons&nbsp;: Briand Anthony Virelizier Baptiste la team&nbsp;: les &hellip; <a href="https://regateslarochejaune.org/?page_id=3291" class="more-link">Continuer la lecture de <span class="screen-reader-text">Les résultats édition 2025</span>  <span class="meta-nav">&rarr;</span></a></p>
