{"id":119,"date":"2016-02-28T08:13:18","date_gmt":"2016-02-28T08:13:18","guid":{"rendered":"https:\/\/regateslarochejaune.org\/?page_id=119"},"modified":"2026-02-25T07:55:12","modified_gmt":"2026-02-25T06:55:12","slug":"accueil","status":"publish","type":"page","link":"https:\/\/regateslarochejaune.org\/","title":{"rendered":"ACCUEIL"},"content":{"rendered":"\n<h4 class=\"wp-block-heading has-text-align-center\"><strong>DEGEMER MAT \u2013 BIENVENUE \u2013 WELCOME<\/strong><\/h4>\n\n\n\n<h2 class=\"wp-block-heading has-text-align-center has-text-color has-link-color wp-elements-122feab0c50dd746a7d946d2c978fea2\" style=\"color:#f90404\">Prochaine \u00e9dition le 9 ao\u00fbt 2026<\/h2>\n\n\n\n<p><\/p>\n\n\n\n<figure class=\"wp-block-image\"><img loading=\"lazy\" decoding=\"async\" width=\"820\" height=\"517\" data-attachment-id=\"4217\" data-permalink=\"https:\/\/regateslarochejaune.org\/?attachment_id=4217\" data-orig-file=\"https:\/\/regateslarochejaune.org\/wp-content\/uploads\/2019\/01\/DSC_4607.jpg\" data-orig-size=\"820,517\" data-comments-opened=\"1\" data-image-meta=\"{&quot;aperture&quot;:&quot;3.5&quot;,&quot;credit&quot;:&quot;Gerard DUPONT&quot;,&quot;camera&quot;:&quot;NIKON D4S&quot;,&quot;caption&quot;:&quot;&quot;,&quot;created_timestamp&quot;:&quot;1439128852&quot;,&quot;copyright&quot;:&quot;\\u00a9 2015 D\\u00e9clic&#039;Armor - Tous droits r\\u00e9serv\\u00e9s.&quot;,&quot;focal_length&quot;:&quot;27&quot;,&quot;iso&quot;:&quot;100&quot;,&quot;shutter_speed&quot;:&quot;0.000625&quot;,&quot;title&quot;:&quot;&quot;,&quot;orientation&quot;:&quot;0&quot;}\" data-image-title=\"DSC_4607\" data-image-description=\"\" data-image-caption=\"\" data-large-file=\"https:\/\/regateslarochejaune.org\/wp-content\/uploads\/2019\/01\/DSC_4607.jpg\" src=\"https:\/\/regateslarochejaune.org\/wp-content\/uploads\/2019\/01\/DSC_4607.jpg\" alt=\"\" class=\"wp-image-4217\" srcset=\"https:\/\/regateslarochejaune.org\/wp-content\/uploads\/2019\/01\/DSC_4607.jpg 820w, https:\/\/regateslarochejaune.org\/wp-content\/uploads\/2019\/01\/DSC_4607-300x189.jpg 300w, https:\/\/regateslarochejaune.org\/wp-content\/uploads\/2019\/01\/DSC_4607-768x484.jpg 768w\" sizes=\"auto, (max-width: 820px) 100vw, 820px\" \/><\/figure>\n\n\n<p style=\"text-align: justify;\"><span style=\"color: #000000;\"><em><strong>Roc\u2019h Velen (La Roche Jaune)<\/strong> est un hameau de quelques maisons basses \u00e9parses sur les deux flancs d\u2019un ravin, \u00e0 l\u2019entr\u00e9e de la rivi\u00e8re de Tr\u00e9guier.<\/em><\/span><\/p>\n<p style=\"text-align: justify;\"><span style=\"color: #000000;\"><em>Des petites fen\u00eatres \u00e0 bordure de granit, fleuries en \u00e9t\u00e9 de glycines, de tournesols et d\u2019hortensias, on a vue sur l\u2019estuaire, vaste lac de mer apais\u00e9e, que des chapelets d\u2019\u00eeles prot\u00e8gent contre les tumultes du large.<\/em><\/span><\/p>\n<p style=\"text-align: justify;\"><span style=\"color: #000000;\"><em>Le flot, \u00e0 l\u2019heure du reflux, d\u00e9couvre le long des berges de hautes assises de roches brunes d\u2019o\u00f9 pendent les ruisselantes chevelures de go\u00e9mons aux tons d\u2019or, qui ont vraisemblablement fait donner son nom au village.<\/em><\/span><\/p>\n<p style=\"text-align: justify;\"><span style=\"color: #000000;\"><em>La population, peu nombreuse, se compose surtout de marins en retraite, vieux quartiers-ma\u00eetres, anciens caboteurs, venus s\u2019installer l\u00e0 pour y jouir de leurs derniers soleils, pr\u00e8s de cette mer int\u00e9rieure, assagie comme ils le sont eux-m\u00eames, mais qui les berce encore de son murmure et les p\u00e9n\u00e8tre de son parfum.<\/em><\/span><\/p>\n<p style=\"text-align: justify;\"><span style=\"color: #000000;\"><em>Curieuses physionomies, d\u2019un relief peu commun, celles de ces coureurs d\u2019oc\u00e9ans, retir\u00e9s des aventures, qui, sur les seuils de Roc\u2019h Velen, passent les jours \u00e0 \u00e9changer des commentaires, en suivant du regard les barques qui montent ou descendent, dans une immobilit\u00e9 de sages et de contemplateurs.<\/em><\/span><\/p>\n<p style=\"text-align: left;\"><span style=\"color: #000000;\"><em><strong><span class=\"font-size-large\">A. Le Braz<\/span><\/strong><\/em><\/span><\/p>","protected":false},"excerpt":{"rendered":"<p>DEGEMER MAT \u2013 BIENVENUE \u2013 WELCOME Prochaine \u00e9dition le 9 ao\u00fbt 2026 Roc\u2019h Velen (La Roche Jaune) est un hameau de quelques maisons basses \u00e9parses sur les deux flancs d\u2019un ravin, \u00e0 l\u2019entr\u00e9e de la rivi\u00e8re de Tr\u00e9guier. Des petites fen\u00eatres \u00e0 bordure de granit, fleuries en \u00e9t\u00e9 de glycines, de tournesols et d\u2019hortensias, on &hellip; <a href=\"https:\/\/regateslarochejaune.org\/\" class=\"more-link\">Continuer la lecture de <span class=\"screen-reader-text\">ACCUEIL<\/span>  <span class=\"meta-nav\">&rarr;<\/span><\/a><\/p>\n","protected":false},"author":1,"featured_media":0,"parent":0,"menu_order":0,"comment_status":"open","ping_status":"open","template":"","meta":{"ngg_post_thumbnail":0,"jetpack_post_was_ever_published":false,"footnotes":""},"class_list":["post-119","page","type-page","status-publish","hentry"],"jetpack_sharing_enabled":true,"jetpack_shortlink":"https:\/\/wp.me\/P7hZRC-1V","jetpack-related-posts":[],"jetpack_likes_enabled":true,"_links":{"self":[{"href":"https:\/\/regateslarochejaune.org\/index.php?rest_route=\/wp\/v2\/pages\/119","targetHints":{"allow":["GET"]}}],"collection":[{"href":"https:\/\/regateslarochejaune.org\/index.php?rest_route=\/wp\/v2\/pages"}],"about":[{"href":"https:\/\/regateslarochejaune.org\/index.php?rest_route=\/wp\/v2\/types\/page"}],"author":[{"embeddable":true,"href":"https:\/\/regateslarochejaune.org\/index.php?rest_route=\/wp\/v2\/users\/1"}],"replies":[{"embeddable":true,"href":"https:\/\/regateslarochejaune.org\/index.php?rest_route=%2Fwp%2Fv2%2Fcomments&post=119"}],"version-history":[{"count":89,"href":"https:\/\/regateslarochejaune.org\/index.php?rest_route=\/wp\/v2\/pages\/119\/revisions"}],"predecessor-version":[{"id":5149,"href":"https:\/\/regateslarochejaune.org\/index.php?rest_route=\/wp\/v2\/pages\/119\/revisions\/5149"}],"wp:attachment":[{"href":"https:\/\/regateslarochejaune.org\/index.php?rest_route=%2Fwp%2Fv2%2Fmedia&parent=119"}],"curies":[{"name":"wp","href":"https:\/\/api.w.org\/{rel}","templated":true}]}}

<h4 class="wp-block-heading has-text-align-center"><strong>DEGEMER MAT – BIENVENUE – WELCOME</strong></h4>



<h2 class="wp-block-heading has-text-align-center has-text-color has-link-color wp-elements-122feab0c50dd746a7d946d2c978fea2" style="color:#f90404">Prochaine édition le 9 août 2026</h2>



<p></p>



<figure class="wp-block-image"><img loading="lazy" decoding="async" width="820" height="517" data-attachment-id="4217" data-permalink="https://regateslarochejaune.org/?attachment_id=4217" data-orig-file="https://regateslarochejaune.org/wp-content/uploads/2019/01/DSC_4607.jpg" data-orig-size="820,517" data-comments-opened="1" data-image-meta="{&quot;aperture&quot;:&quot;3.5&quot;,&quot;credit&quot;:&quot;Gerard DUPONT&quot;,&quot;camera&quot;:&quot;NIKON D4S&quot;,&quot;caption&quot;:&quot;&quot;,&quot;created_timestamp&quot;:&quot;1439128852&quot;,&quot;copyright&quot;:&quot;\u00a9 2015 D\u00e9clic&#039;Armor - Tous droits r\u00e9serv\u00e9s.&quot;,&quot;focal_length&quot;:&quot;27&quot;,&quot;iso&quot;:&quot;100&quot;,&quot;shutter_speed&quot;:&quot;0.000625&quot;,&quot;title&quot;:&quot;&quot;,&quot;orientation&quot;:&quot;0&quot;}" data-image-title="DSC_4607" data-image-description="" data-image-caption="" data-large-file="https://regateslarochejaune.org/wp-content/uploads/2019/01/DSC_4607.jpg" src="https://regateslarochejaune.org/wp-content/uploads/2019/01/DSC_4607.jpg" alt="" class="wp-image-4217" srcset="https://regateslarochejaune.org/wp-content/uploads/2019/01/DSC_4607.jpg 820w, https://regateslarochejaune.org/wp-content/uploads/2019/01/DSC_4607-300x189.jpg 300w, https://regateslarochejaune.org/wp-content/uploads/2019/01/DSC_4607-768x484.jpg 768w" sizes="auto, (max-width: 820px) 100vw, 820px" /></figure>


<p style="text-align: justify;"><span style="color: #000000;"><em><strong>Roc’h Velen (La Roche Jaune)</strong> est un hameau de quelques maisons basses éparses sur les deux flancs d’un ravin, à l’entrée de la rivière de Tréguier.</em></span></p>
<p style="text-align: justify;"><span style="color: #000000;"><em>Des petites fenêtres à bordure de granit, fleuries en été de glycines, de tournesols et d’hortensias, on a vue sur l’estuaire, vaste lac de mer apaisée, que des chapelets d’îles protègent contre les tumultes du large.</em></span></p>
<p style="text-align: justify;"><span style="color: #000000;"><em>Le flot, à l’heure du reflux, découvre le long des berges de hautes assises de roches brunes d’où pendent les ruisselantes chevelures de goémons aux tons d’or, qui ont vraisemblablement fait donner son nom au village.</em></span></p>
<p style="text-align: justify;"><span style="color: #000000;"><em>La population, peu nombreuse, se compose surtout de marins en retraite, vieux quartiers-maîtres, anciens caboteurs, venus s’installer là pour y jouir de leurs derniers soleils, près de cette mer intérieure, assagie comme ils le sont eux-mêmes, mais qui les berce encore de son murmure et les pénètre de son parfum.</em></span></p>
<p style="text-align: justify;"><span style="color: #000000;"><em>Curieuses physionomies, d’un relief peu commun, celles de ces coureurs d’océans, retirés des aventures, qui, sur les seuils de Roc’h Velen, passent les jours à échanger des commentaires, en suivant du regard les barques qui montent ou descendent, dans une immobilité de sages et de contemplateurs.</em></span></p>
<p style="text-align: left;"><span style="color: #000000;"><em><strong><span class="font-size-large">A. Le Braz</span></strong></em></span></p>

<p>DEGEMER MAT – BIENVENUE – WELCOME Prochaine édition le 9 août 2026 Roc’h Velen (La Roche Jaune) est un hameau de quelques maisons basses éparses sur les deux flancs d’un ravin, à l’entrée de la rivière de Tréguier. Des petites fenêtres à bordure de granit, fleuries en été de glycines, de tournesols et d’hortensias, on &hellip; <a href="https://regateslarochejaune.org/" class="more-link">Continuer la lecture de <span class="screen-reader-text">ACCUEIL</span>  <span class="meta-nav">&rarr;</span></a></p>
